{"id":12,"date":"2025-07-07T15:09:02","date_gmt":"2025-07-07T15:09:02","guid":{"rendered":"https:\/\/www.jalaksi.fi\/?page_id=12"},"modified":"2025-12-12T14:32:40","modified_gmt":"2025-12-12T14:32:40","slug":"palvelut","status":"publish","type":"page","link":"http:\/\/www.jalaksi.fi\/index.php\/palvelut\/","title":{"rendered":"Palvelut"},"content":{"rendered":"\n<p><strong>Kevyt jalkahoito (1h)<\/strong> 60\u20ac<\/p>\n\n\n\n<p>T\u00e4m\u00e4 hoito on jalkojen perusjalkahoito. Siihen kuuluu jalkojen tutkiminen ja kylvetys, pienten kovettumien poisto, kynsien lyhennys ja muotoilu, ihon hierontarasvaus.<\/p>\n\n\n\n<p>Valitse t\u00e4m\u00e4 hoito, kun jaloissasi on vain kevyess\u00e4 m\u00e4\u00e4rin hoidettavaa eli esimerkiksi ihon kuivuutta, pient\u00e4 kovettumaa, ei juurikaan ohennusta vaativat kynnet.<\/p>\n\n\n\n<p><\/p>\n\n\n\n<p><strong>Kattava jalkahoito (1,5h)<\/strong> 75\u20ac<\/p>\n\n\n\n<p>T\u00e4m\u00e4 hoito on jalkojen vaativampi hoito. Hoitoon kuuluu jalkojen tutkiminen ja kylvetys, kovettumien poisto, kynsien lyhennys ja ohennus, ihon hierontarasvaus.<\/p>\n\n\n\n<p>Valitse t\u00e4m\u00e4 hoito, kun jaloissasi on enemm\u00e4n hoidettavaa, kovettumaa ja\/tai paksuuntuneita kynsi\u00e4.<\/p>\n\n\n\n<p><\/p>\n\n\n\n<p><strong>Kokonaisvaltainen jalkahoito (1,5h) <\/strong>75\u20ac<\/p>\n\n\n\n<p>T\u00e4m\u00e4 hoito on yhdistelm\u00e4 terveytt\u00e4 ja rentoutta. Hoitoon kuuluu jalkojen tutkiminen, kylvetys ja kuorinta, ihon hoito, kynsien lyhennys ja muotoilu sek\u00e4 kynsinauhojen hoito. Lopuksi rentouttava ja nestekiertoa edist\u00e4v\u00e4 lymfahieronta. Halutessasi kynsien lakkaus.<\/p>\n\n\n\n<p>Valitse t\u00e4m\u00e4 hoito kun haluat jaloillesi kokonaisvaltaista huomiota. Oiva idea my\u00f6s lahjaksi!<\/p>\n\n\n\n<p><strong>Kynsien lakkaus <\/strong>+ 5\u20ac (lakan saat mukaan)<\/p>\n\n\n\n<p><\/p>\n\n\n\n<p><strong>Diabeetikoille teen mink\u00e4 tahansa jalkahoidon yhteydess\u00e4 tuntotestin monofilamentilla. K\u00e4yt\u00f6ss\u00e4ni on my\u00f6s diabeettiselle iholle tarkoitettua Peclavus -sarjan jalkavoidetta<\/strong> <strong>ja kylpyainetta.<\/strong><\/p>\n\n\n\n<p>Maksutapoina jalkahoitoihin hoitolassa k\u00e4y pankkikortti, k\u00e4teismaksu tai Epassi.<\/p>\n\n\n\n<p><\/p>\n\n\n\n<p><strong>Kotik\u00e4ynnit<\/strong><\/p>\n\n\n\n<p>Teen Nokian keskustan alueella my\u00f6s kotik\u00e4yntej\u00e4 henkil\u00f6ille, joilla on liikuntarajoitteen vuoksi este saapua hoitolaan jalkahoitoon. Laitosk\u00e4ynnit my\u00f6s pidemm\u00e4ll\u00e4 s\u00e4teell\u00e4 mik\u00e4li hoidettavia on v\u00e4hint\u00e4\u00e4n 3. Koti- ja laitosk\u00e4ynti on mahdollista varata soittamalla! <strong>Yksitt\u00e4inen koti\/laitosk\u00e4ynti +15\u20ac<\/strong><\/p>\n\n\n\n<p><\/p>\n\n\n\n<p><\/p>\n\n\n\n<p><strong>LAHJAKORTIT<\/strong><\/p>\n\n\n\n<p>Voit ostaa digitaalisen lahjakortin AJANVARAUS -osiosta (toimitetaan haluttuun s\u00e4hk\u00f6postiosoitteeseen).<\/p>\n\n\n\n<p>Fyysisen lahjakortin voit hankkia soittamalla 040 6606820 (tai laita s.postia meri@jalaksi.fi) ja sovitaan ajankohta milloin tulet noutamaan lahjakortin hoitolasta tai voin postittaa sen. Hoitolassa lahjakortin voi maksaa pankkikortilla tai k\u00e4teisell\u00e4. Postittaessa annan maksutiedot s\u00e4hk\u00f6postilla. <\/p>\n\n\n\n<p>Lahjakortti on voimassa vuoden.<\/p>\n\n\n\n<p><\/p>\n","protected":false},"excerpt":{"rendered":"<p>Kevyt jalkahoito (1h) 60\u20ac T\u00e4m\u00e4 hoito on jalkojen perusjalkahoito. Siihen kuuluu jalkojen tutkiminen ja kylvetys, pienten kovettumien poisto, kynsien lyhennys ja muotoilu, ihon hierontarasvaus. Valitse t\u00e4m\u00e4 hoito, kun jaloissasi on &hellip; <\/p>\n","protected":false},"author":1,"featured_media":0,"parent":0,"menu_order":0,"comment_status":"closed","ping_status":"closed","template":"","meta":{"footnotes":""},"class_list":["post-12","page","type-page","status-publish","hentry"],"_links":{"self":[{"href":"http:\/\/www.jalaksi.fi\/index.php\/wp-json\/wp\/v2\/pages\/12","targetHints":{"allow":["GET"]}}],"collection":[{"href":"http:\/\/www.jalaksi.fi\/index.php\/wp-json\/wp\/v2\/pages"}],"about":[{"href":"http:\/\/www.jalaksi.fi\/index.php\/wp-json\/wp\/v2\/types\/page"}],"author":[{"embeddable":true,"href":"http:\/\/www.jalaksi.fi\/index.php\/wp-json\/wp\/v2\/users\/1"}],"replies":[{"embeddable":true,"href":"http:\/\/www.jalaksi.fi\/index.php\/wp-json\/wp\/v2\/comments?post=12"}],"version-history":[{"count":20,"href":"http:\/\/www.jalaksi.fi\/index.php\/wp-json\/wp\/v2\/pages\/12\/revisions"}],"predecessor-version":[{"id":167,"href":"http:\/\/www.jalaksi.fi\/index.php\/wp-json\/wp\/v2\/pages\/12\/revisions\/167"}],"wp:attachment":[{"href":"http:\/\/www.jalaksi.fi\/index.php\/wp-json\/wp\/v2\/media?parent=12"}],"curies":[{"name":"wp","href":"https:\/\/api.w.org\/{rel}","templated":true}]}}