{"id":3,"date":"2025-06-12T13:37:10","date_gmt":"2025-06-12T13:37:10","guid":{"rendered":"http:\/\/www.jalaksi.fi\/?page_id=3"},"modified":"2025-07-15T15:08:35","modified_gmt":"2025-07-15T15:08:35","slug":"privacy-policy","status":"publish","type":"page","link":"http:\/\/www.jalaksi.fi\/index.php\/privacy-policy\/","title":{"rendered":"Tietosuojaseloste"},"content":{"rendered":"\n<h2 class=\"wp-block-heading\">Rekisterin pit\u00e4j\u00e4<\/h2>\n\n\n\n<p>Yritys: Jalaksi (jalkahoitola), Y-tunnus: 3465446-7<\/p>\n\n\n\n<p>Yhteyshenkil\u00f6: Meri Ikonen<\/p>\n\n\n\n<p>Osoite: Alinenkatu 57, 37100 Nokia<\/p>\n\n\n\n<p>Puhelin: 040 660 6820<\/p>\n\n\n\n<p><\/p>\n\n\n\n<h2 class=\"wp-block-heading\">Rekisterin nimi: Jalkahoitola Jalaksi -Asiakasrekisteri<\/h2>\n\n\n\n<h2 class=\"wp-block-heading\">Rekisterin pit\u00e4misen peruste:<\/h2>\n\n\n\n<p>Asiakassuhteen hoito, yll\u00e4pit\u00e4minen ja kehitt\u00e4minen<\/p>\n\n\n\n<h2 class=\"wp-block-heading\">Rekisterin k\u00e4ytt\u00f6tarkoitus<\/h2>\n\n\n\n<p>Valviran rekister\u00f6im\u00e4 terveydenhuollon ammattihenkil\u00f6 ker\u00e4\u00e4 asiakkaista hoidon toteuttamiseen ja asiakassuhteen hoidon kannalta olennaiset tiedot asiakas\/potilasrekisteriin. Potilastietojen kirjaaminen on lakis\u00e4\u00e4teinen velvollisuus ja rekisterin yll\u00e4pit\u00e4minen perustuu potilaslakiin. (Laki potilaan asemasta ja oikeuksista) ja potilasasiakirjoja k\u00e4sittelev\u00e4\u00e4n Sosiaali- ja terveysministeri\u00f6n asetukseen. Rekisteritiedot auttavat potilaan\/asiakkaan hoidon suunnittelussa, toteutuksessa ja seurannassa, edist\u00e4v\u00e4t hoidon jatkuvuutta. Rekisteri palvelee potilaan\/asiakkaan oikeusturvaa ja tiedonsaantioikeutta. <\/p>\n\n\n\n<h2 class=\"wp-block-heading\">Henkil\u00f6tietojen k\u00e4sittely<\/h2>\n\n\n\n<ul class=\"wp-block-list\">\n<li>Henkil\u00f6tiedot k\u00e4sitell\u00e4\u00e4n asianmukaisesti ja lainmukaisesti<\/li>\n\n\n\n<li>henkil\u00f6tiedot ker\u00e4t\u00e4\u00e4n nimenomaista tarkoitusta varten, eik\u00e4 niit\u00e4 k\u00e4sitell\u00e4 n\u00e4iden k\u00e4ytt\u00f6tarkoitusten ulkopuolella<\/li>\n\n\n\n<li>Henkil\u00f6tietojen on oltava t\u00e4sm\u00e4llisi\u00e4 ja ajantasaisia<\/li>\n\n\n\n<li>Henkil\u00f6tietojen suojaaminen ja turvallisuus yrityksess\u00e4 on lakis\u00e4\u00e4teinen velvollisuus<\/li>\n<\/ul>\n\n\n\n<h2 class=\"wp-block-heading\">Mit\u00e4 rekisteri sis\u00e4lt\u00e4\u00e4?<\/h2>\n\n\n\n<ul class=\"wp-block-list\">\n<li>Asiakkaan\/potilaan perustiedot (nimi, osoite, henkil\u00f6tunnus, puhelinnumero, s\u00e4hk\u00f6posti)<\/li>\n\n\n\n<li>Potilastiedot eli terveydentila, allergiat, l\u00e4\u00e4kitys ja mahdollisesti muut asiakkaan itsens\u00e4 antamat lis\u00e4tiedot, mitk\u00e4 saattavat vaikuttaa hoitoon<\/li>\n<\/ul>\n\n\n\n<h2 class=\"wp-block-heading\">Tietol\u00e4hteet<\/h2>\n\n\n\n<p>Asiakkaan potilaan itse antamat tiedot, mitk\u00e4 tulevat puhelin- ja s\u00e4hk\u00f6postiyhteydenotoista, s\u00e4hk\u00f6isen ajanvarauksen kautta, esitietolomakkeella, asiakkaan\/potilaan haastattelusta ja hoidon aikana saaduista lis\u00e4tiedoista.<\/p>\n\n\n\n<h2 class=\"wp-block-heading\">Ev\u00e4steet<\/h2>\n\n\n\n<p>Verkkosivuilla k\u00e4ytet\u00e4\u00e4n ev\u00e4steit\u00e4 (Cookies) sivuston k\u00e4vij\u00e4tilastojen analysointiin sek\u00e4 laadun ja sis\u00e4ll\u00f6n kehitt\u00e4miseen. K\u00e4vij\u00e4tietoja ei l\u00e4hetet\u00e4 kolmansille osapuolille. Voit halutessasi est\u00e4\u00e4 ev\u00e4steiden k\u00e4yt\u00f6n selaimesi m\u00e4\u00e4rityksist\u00e4.<\/p>\n\n\n\n<h2 class=\"wp-block-heading\">Tietojen luovuttaminen<\/h2>\n\n\n\n<p>Tietoja ei luovuteta l\u00e4ht\u00f6kohtaisesti muille osapuolille. Tietoja luovutetaan vain potilaan\/asiakkaan kirjallisesta suostumuksesta h\u00e4nen terveytens\u00e4 tai jatko-hoidon seurauksena.<\/p>\n\n\n\n<h2 class=\"wp-block-heading\">Tietojen s\u00e4ilytys<\/h2>\n\n\n\n<p>Ker\u00e4tty tieto s\u00e4ilytet\u00e4\u00e4n vain sen ajan, kuin se on toiminnan kannalta merkityksellist\u00e4. Potilasasiakirjojen s\u00e4ilytyksess\u00e4 noudatetaan lakia potilaan asemasta ja oikeuksista (785\/1992), sek\u00e4 tarkemmin STM:n asetus   (298\/2009).<\/p>\n\n\n\n<h2 class=\"wp-block-heading\">Rekisterin suojaus<\/h2>\n\n\n\n<p>Kirjalliset dokumentit s\u00e4ilytet\u00e4\u00e4n lukitusti. Rekisterin pit\u00e4j\u00e4n s\u00e4hk\u00f6iset tietoj\u00e4rjestelm\u00e4t, kuten matkapuhelin, ajanvaraus ja tietokone on suojattu tietoteknisill\u00e4 suojausmenetelmill\u00e4.<\/p>\n\n\n\n<h2 class=\"wp-block-heading\">Rekister\u00f6idyn oikeudet<\/h2>\n\n\n\n<p>Rekisteriin kirjatulla henkil\u00f6ll\u00e4 on oikeus tarkistaa itse\u00e4\u00e4n koskevat dokumentit sek\u00e4 oikeus vaatia kirjauksen korjaamista. Mik\u00e4li kirjauksessa on molempien osapuolten toteama virhe, tulee se korjata viiv\u00e4styksett\u00e4. Tulkintaan liittyviin korjausvaatimuksiin tehd\u00e4\u00e4n liite korjauksesta. Tarkistuspyynt\u00f6 tulee tehd\u00e4 kirjallisena. Rekister\u00f6idyll\u00e4 on oikeus peruuttaa henkil\u00f6tietojen k\u00e4sittelyyn antamansa suostumus sek\u00e4 oikeus kielt\u00e4\u00e4 tietojensa k\u00e4ytt\u00e4minen markkinointiin.<\/p>\n\n\n\n<h2 class=\"wp-block-heading\">Tietoturvaloukkaukset<\/h2>\n\n\n\n<p>Mahdollisten tietoturvaloukkausten osalta noudatetaan lakeja (EU:n yleinen tietosuoja-asetus (GDPR, 2016\/679), Laki sosiaali- ja terveydenhuollon asiakastietojen k\u00e4sittelyst\u00e4 (703\/2023), Laki potilaan asemasta ja oikeuksista (785\/1992) ja Rikoslaki (39\/1889) )<\/p>\n","protected":false},"excerpt":{"rendered":"<p>Rekisterin pit\u00e4j\u00e4 Yritys: Jalaksi (jalkahoitola), Y-tunnus: 3465446-7 Yhteyshenkil\u00f6: Meri Ikonen Osoite: Alinenkatu 57, 37100 Nokia Puhelin: 040 660 6820 Rekisterin nimi: Jalkahoitola Jalaksi -Asiakasrekisteri Rekisterin pit\u00e4misen peruste: Asiakassuhteen hoito, yll\u00e4pit\u00e4minen &hellip; <\/p>\n","protected":false},"author":1,"featured_media":0,"parent":0,"menu_order":0,"comment_status":"closed","ping_status":"open","template":"","meta":{"footnotes":""},"class_list":["post-3","page","type-page","status-publish","hentry"],"_links":{"self":[{"href":"http:\/\/www.jalaksi.fi\/index.php\/wp-json\/wp\/v2\/pages\/3","targetHints":{"allow":["GET"]}}],"collection":[{"href":"http:\/\/www.jalaksi.fi\/index.php\/wp-json\/wp\/v2\/pages"}],"about":[{"href":"http:\/\/www.jalaksi.fi\/index.php\/wp-json\/wp\/v2\/types\/page"}],"author":[{"embeddable":true,"href":"http:\/\/www.jalaksi.fi\/index.php\/wp-json\/wp\/v2\/users\/1"}],"replies":[{"embeddable":true,"href":"http:\/\/www.jalaksi.fi\/index.php\/wp-json\/wp\/v2\/comments?post=3"}],"version-history":[{"count":7,"href":"http:\/\/www.jalaksi.fi\/index.php\/wp-json\/wp\/v2\/pages\/3\/revisions"}],"predecessor-version":[{"id":128,"href":"http:\/\/www.jalaksi.fi\/index.php\/wp-json\/wp\/v2\/pages\/3\/revisions\/128"}],"wp:attachment":[{"href":"http:\/\/www.jalaksi.fi\/index.php\/wp-json\/wp\/v2\/media?parent=3"}],"curies":[{"name":"wp","href":"https:\/\/api.w.org\/{rel}","templated":true}]}}